{"id":4523,"date":"2015-10-19T04:23:53","date_gmt":"2015-10-19T04:23:53","guid":{"rendered":"https:\/\/educationwp.thimpress.com\/?page_id=12"},"modified":"2021-10-28T09:30:57","modified_gmt":"2021-10-28T09:30:57","slug":"home","status":"publish","type":"page","link":"https:\/\/www.discoverdigital.eu\/lms-se\/","title":{"rendered":"Home"},"content":{"rendered":"<p>[vc_row full_width=&#8221;stretch_row_content_no_spaces&#8221;][vc_column][rev_slider_vc alias=&#8221;home-page&#8221;][\/vc_column][\/vc_row][vc_row el_class=&#8221;thim-best-industry&#8221; css=&#8221;.vc_custom_1620291152566{margin-right: -2px !important;margin-left: -2px !important;}&#8221;][vc_column css=&#8221;.vc_custom_1620291142283{margin-bottom: 30px !important;padding-right: 10px !important;padding-left: 10px !important;}&#8221;]<div class=\"thim-widget-icon-box template-base\"><div class=\"wrapper-box-icon has_custom_image has_read_more text-center overlay \"   data-text-readmore=\"#ffb606\"><div class=\"smicon-box iconbox-left\"><div class=\"boxes-icon\" style=\"width: 135px;\"><span class=\"inner-icon\"><span class=\"icon icon-images\"><img src=\"https:\/\/www.discoverdigital.eu\/lms-se\/wp-content\/uploads\/2015\/10\/logo-top-2.png\" alt=\"logo-top-2\" title=\"logo-top-2\"  width=\"66\" height=\"51\"><\/span><\/span><\/div><div class=\"content-inner\"  style=\"width: calc( 100% - 135px - 15px);\"><div class=\"sc-heading article_heading\"><h2 class = \"heading__primary\" style=\"color: #ffffff;\">G\u00c5 helt enkelt TILL KURS f\u00f6r att b\u00f6rja l\u00e4ra dig nu! <\/h2><\/div><a class=\"smicon-read sc-btn\" target=\"_self\" href=\"https:\/\/discoverdigital.eu\/lms-se\/courses\/discover-digital\/online-training\/\"  style=\"color: #ffb606;\" >Starta onlinekursen <i class=\"fa fa-chevron-right\"><\/i><\/a><\/div><\/div><!--end smicon-box--><\/div><\/div>[\/vc_column][\/vc_row][vc_row css=&#8221;.vc_custom_1471791722105{margin-bottom: 100px !important;}&#8221;][vc_column]<div class=\"thim-widget-heading template-base\"><div class=\"sc_heading   text-left\"><h3 class=\"title\">Vad ing\u00e5r? <\/h3><span style=\"background-color:#dd9933\" class=\"line\"><\/span><\/div><\/div>[vc_row_inner][vc_column_inner width=&#8221;1\/3&#8243;][vc_column_text]<\/p>\n<ul>\n<li><strong><span class=\"VIiyi\" lang=\"sv\"><span class=\"JLqJ4b ChMk0b\" data-language-for-alternatives=\"sv\" data-language-to-translate-into=\"en\" data-phrase-index=\"0\" data-number-of-phrases=\"7\">6 moduler<\/span><\/span><\/strong><\/li>\n<li><strong><span class=\"VIiyi\" lang=\"sv\"><span class=\"JLqJ4b ChMk0b\" data-language-for-alternatives=\"sv\" data-language-to-translate-into=\"en\" data-phrase-index=\"2\" data-number-of-phrases=\"7\">6 Video\u00f6versikter<br \/>\n<\/span><\/span><\/strong><\/li>\n<li><strong><span class=\"VIiyi\" lang=\"sv\"><span class=\"JLqJ4b ChMk0b\" data-language-for-alternatives=\"sv\" data-language-to-translate-into=\"en\" data-phrase-index=\"4\" data-number-of-phrases=\"7\">Ytterligare l\u00e4sning<\/span><\/span><\/strong><\/li>\n<li><strong><span class=\"VIiyi\" lang=\"sv\"><span class=\"JLqJ4b ChMk0b\" data-language-for-alternatives=\"sv\" data-language-to-translate-into=\"en\" data-phrase-index=\"6\" data-number-of-phrases=\"7\">Nedladdningsbara aktiviteter och arbetsblad<\/span><\/span><\/strong><\/li>\n<\/ul>\n<p>[\/vc_column_text][\/vc_column_inner][vc_column_inner width=&#8221;1\/3&#8243;][vc_column_text]<\/p>\n<h3><strong><span class=\"VIiyi\" lang=\"sv\"><span class=\"JLqJ4b ChMk0b\" data-language-for-alternatives=\"sv\" data-language-to-translate-into=\"en\" data-phrase-index=\"0\" data-number-of-phrases=\"3\">Bli sj\u00e4lvs\u00e4ker digital anv\u00e4ndare<\/span><\/span><\/strong><\/h3>\n<p><span class=\"VIiyi\" lang=\"sv\"><span class=\"JLqJ4b ChMk0b\" data-language-for-alternatives=\"sv\" data-language-to-translate-into=\"en\" data-phrase-index=\"2\" data-number-of-phrases=\"3\">Du kommer att l\u00e4ra dig hur du utvecklar, organiserar och levererar ditt undervisningsinneh\u00e5ll med hj\u00e4lp av olika digitala metoder, du kommer att f\u00e5 kunskap och f\u00e4rdigheter att prova nya undervisningsmetoder och ta reda p\u00e5 vad som fungerar b\u00e4st f\u00f6r dina elever!<\/span><\/span>[\/vc_column_text][\/vc_column_inner][vc_column_inner width=&#8221;1\/3&#8243;][vc_column_text]<\/p>\n<h3><strong><span class=\"VIiyi\" lang=\"sv\"><span class=\"JLqJ4b ChMk0b\" data-language-for-alternatives=\"sv\" data-language-to-translate-into=\"en\" data-phrase-index=\"0\" data-number-of-phrases=\"3\">Fler engagerade elever<\/span><\/span><\/strong><\/h3>\n<p><span class=\"VIiyi\" lang=\"sv\"><span class=\"JLqJ4b ChMk0b\" data-language-for-alternatives=\"sv\" data-language-to-translate-into=\"en\" data-phrase-index=\"2\" data-number-of-phrases=\"3\">Dina elever kommer ocks\u00e5 att f\u00e5 nya och f\u00f6rb\u00e4ttrade digitala f\u00e4rdigheter, de kommer att dra nytta av mer relevanta undervisningsmetoder.<\/span><\/span>[\/vc_column_text][\/vc_column_inner][\/vc_row_inner][\/vc_column][\/vc_row][vc_row full_width=&#8221;stretch_row&#8221; content_placement=&#8221;bottom&#8221; parallax=&#8221;content-moving&#8221; parallax_image=&#8221;11396&#8243; parallax_speed_bg=&#8221;1.3&#8243; css=&#8221;.vc_custom_1617109456209{padding-top: 60px !important;padding-bottom: 150px !important;}&#8221;][vc_column][vc_row_inner][vc_column_inner]<div class=\"thim-widget-heading template-base\"><div class=\"sc_heading   text-center\"><h3 style=\"text-transform: uppercase;color:#ffffff;\" class=\"title\">Starta onlinekursen idag <\/h3><p class=\"sub-heading\" style=\"color:#ffffff;\">Digital inl\u00e4rningsteknik har kraften att bredda tillg\u00e5ngen och f\u00f6rvandla l\u00e4randeupplevelsen f\u00f6r dessa grupper och \u00f6vervinna bristen p\u00e5 motivation genom att ers\u00e4tta opersonliga, hierarkiska klassrumsscenarier med flexibelt, personligt l\u00e4rande. <\/p><\/div><\/div>[\/vc_column_inner][\/vc_row_inner][vc_btn title=&#8221;Starta onlinekursen &#8221; color=&#8221;sandy-brown&#8221; size=&#8221;lg&#8221; align=&#8221;center&#8221; i_icon_fontawesome=&#8221;fas fa-chalkboard-teacher&#8221; add_icon=&#8221;true&#8221; link=&#8221;url:https%3A%2F%2Fdiscoverdigital.eu%2Flms-se%2Fcourses%2Fdiscover-digital%2Fonline-training%2F&#8221;][\/vc_column][\/vc_row]<\/p>\n","protected":false},"excerpt":{"rendered":"<p>[vc_row full_width=&#8221;stretch_row_content_no_spaces&#8221;][vc_column][rev_slider_vc alias=&#8221;home-page&#8221;][\/vc_column][\/vc_row][vc_row el_class=&#8221;thim-best-industry&#8221; css=&#8221;.vc_custom_1620291152566{margin-right: -2px !important;margin-left: -2px !important;}&#8221;][vc_column css=&#8221;.vc_custom_1620291142283{margin-bottom: 30px !important;padding-right: 10px !important;padding-left: 10px !important;}&#8221;][\/vc_column][\/vc_row][vc_row css=&#8221;.vc_custom_1471791722105{margin-bottom: 100px !important;}&#8221;][vc_column][vc_row_inner][vc_column_inner width=&#8221;1\/3&#8243;][vc_column_text] 6 moduler 6 Video\u00f6versikter Ytterligare l\u00e4sning Nedladdningsbara aktiviteter och arbetsblad [\/vc_column_text][\/vc_column_inner][vc_column_inner width=&#8221;1\/3&#8243;][vc_column_text] Bli sj\u00e4lvs\u00e4ker digital anv\u00e4ndare Du kommer att l\u00e4ra &hellip; <\/p>\n","protected":false},"author":2,"featured_media":0,"parent":0,"menu_order":0,"comment_status":"closed","ping_status":"closed","template":"page-templates\/homepage.php","meta":{"pmpro_default_level":0},"_links":{"self":[{"href":"https:\/\/www.discoverdigital.eu\/lms-se\/wp-json\/wp\/v2\/pages\/4523"}],"collection":[{"href":"https:\/\/www.discoverdigital.eu\/lms-se\/wp-json\/wp\/v2\/pages"}],"about":[{"href":"https:\/\/www.discoverdigital.eu\/lms-se\/wp-json\/wp\/v2\/types\/page"}],"author":[{"embeddable":true,"href":"https:\/\/www.discoverdigital.eu\/lms-se\/wp-json\/wp\/v2\/users\/2"}],"replies":[{"embeddable":true,"href":"https:\/\/www.discoverdigital.eu\/lms-se\/wp-json\/wp\/v2\/comments?post=4523"}],"version-history":[{"count":28,"href":"https:\/\/www.discoverdigital.eu\/lms-se\/wp-json\/wp\/v2\/pages\/4523\/revisions"}],"predecessor-version":[{"id":11386,"href":"https:\/\/www.discoverdigital.eu\/lms-se\/wp-json\/wp\/v2\/pages\/4523\/revisions\/11386"}],"wp:attachment":[{"href":"https:\/\/www.discoverdigital.eu\/lms-se\/wp-json\/wp\/v2\/media?parent=4523"}],"curies":[{"name":"wp","href":"https:\/\/api.w.org\/{rel}","templated":true}]}}